is divided by h?
10
Suppose 2*y + q + 1 = -y, -4*q - 15 = y. What is the remainder when 23 is divided by (-2 - 1)*(-1)/y?
2
Let h = 116 + 309. What is the remainder when h is divided by 48?
41
Let v be 10/25 - 6/(-10) - 1. Suppose -55*r + 51*r + 184 = v. What is the remainder when r is divided by -6*(8/3)/(-1)?
14
Suppose k + 0*k = -2*k. Suppose k = 2*d + 5*u - 7 - 37, 0 = -3*u + 12. Calculate the remainder when 71 is divided by d.
11
Suppose -4*p = 2*b + 84, -57 = b + p + 4*p. Let t = b - -37. Suppose y - 54 = -t*y. Calculate the remainder when 32 is divided by y.
5
Suppose -4*r + 40 = r. Suppose 0 = -3*a - 5*h + 67, 2*a = -0*a + 2*h + 18. Let m = a + 17. Calculate the remainder when m is divided by r.
7
Suppose -5*c - 21 = -j - 8, -5*j - 3*c = -9. Let h(k) = 8 - 3*k**j - 11*k + 2*k**3 - 3 - 9*k**2. Calculate the remainder when h(-8) is divided by 10.
9
Suppose -4*t + 21 = -4*k - 95, 3*t = -4*k + 59. Let h = 42 - t. What is the remainder when h is divided by 5?
2
Suppose -c + 96 = 5*c. Suppose -4*x - 43 = -5*y + 41, -c = -4*x. What is the remainder when y is divided by 8?
4
Suppose 4*s - 32 = -4*s. Suppose o + s = 5*o - 4*z, 4*o = 2*z + 10. What is the remainder when 12 is divided by o?
0
Let v = 97 + 60. Let x = 231 - v. Calculate the remainder when x is divided by 19.
17
Let m(n) = n + 8. Let o be m(-8). Suppose 0 = -o*z + z - 24. What is the remainder when 44 is divided by z?
20
What is the remainder when 18 is divided by 0 + (-3)/12 + (-148)/(-16)?
0
Let h(v) = -6*v + 1. Let d(x) = -x. Let r(s) = 3*d(s) - h(s). Suppose 4 = -2*n + 3*b + 3, 2*n - 2*b = 0. What is the remainder when r(n) is divided by 2?
0
Let z(t) be the third derivative of -t**4/24 + 2*t**3/3 - 4*t**2. Suppose 210 = 10*x - 4*x. What is the remainder when x is divided by z(-8)?
11
Suppose 2*r + 274 = 5*n, -n + 4*r + 48 = 4. Calculate the remainder when 1*(-1390)/(-8) + (-42)/n is divided by 44.
41
Let m be (-18)/(-14) + 10/(-35). Let s be (m - (-9 + 2)) + -3. Suppose 104 = s*y - 31. Calculate the remainder when y is divided by 7.
6
Let s = 56 + -21. Suppose -39*p + 34*p + 95 = 0. Calculate the remainder when s is divided by p.
16
Calculate the remainder when ((-163)/2)/(-4 + 21/6) is divided by 41.
40
Let w(n) = n**2 + 18*n - 30. What is the remainder when 324 is divided by w(3)?
27
Suppose -u - 79 = 4*y - 0*u, -5*y = 5*u + 95. What is the remainder when (188/10)/(y/(-50)) is divided by 5?
2
Suppose 0*v + 78 = 3*v. Suppose -5*f = 10, 5*a + 0*a - 3*f = v. What is the remainder when a is divided by 2?
0
Let j(o) = o**2 - 24*o + 181. What is the remainder when 109 is divided by j(9)?
17
Let c be (-5 + 1 + 0)/(-2). Suppose -g = -c, -g = w - 9 - 4. What is the remainder when 53 is divided by w?
9
Suppose 0 = 2*q + 3*u - 615, 21*u - 24*u = -5*q + 1506. Calculate the remainder when q is divided by 34.
31
Let y(l) = -l + 3. Let k be y(1). Suppose -k*z - d = -30 - 3, -2*z = 2*d - 32. Calculate the remainder when 169 is divided by z.
16
Suppose 7*s = 8*s. Suppose 9*h - 5*h - 176 = s. Calculate the remainder when 219 is divided by h.
43
Let x = -1021 - -1028. Calculate the remainder when 290 is divided by x.
3
Suppose 9*g - 630 = 6*g. Suppose g = -3*o - 2*o. Calculate the remainder when 3 is divided by o/(-7) - 3/1.
0
Let b = 1506 + -1443. Suppose 0*z - 2*z + 4*x = -46, x = -4*z + 137. What is the remainder when b is divided by z?
30
Let f = 1 - -15. Let c(k) = 5*k - 5. Let i be c(1). Let y = f + i. What is the remainder when 29 is divided by y?
13
Let b = -66 - -72. Let s(i) = 5*i - 14. What is the remainder when 174 is divided by s(b)?
14
Let h(v) = 3*v**2 + 2*v - 78. What is the remainder when h(-10) is divided by 54?
40
Suppose -166 = -7*i + 121. What is the remainder when 124 is divided by i?
1
Suppose 12 + 10 = t. Let q be (-6 + 10)*22/(-2). Let m = q + 131. What is the remainder when m is divided by t?
21
Let r = 271 + -216. Let j = 1 + -3. Let s = j + 16. What is the remainder when r is divided by s?
13
Let d(a) = -a**2 - 5*a + 13. What is the remainder when 29 is divided by d(-6)?
1
Let z(o) = o**3 + 18*o**2 - 22*o - 25. Let s be z(-19). Let k be s/6*135/12. Suppose -k = 13*a - 16*a. Calculate the remainder when a is divided by 7.
6
What is the remainder when 290 is divided by (-614)/2149 - 1*569/(-7)?
47
Let w(b) = b**3 + 13*b**2 + 21*b + 14. Let v be w(-11). What is the remainder when 20 is divided by (-15)/2*(-30)/v?
2
Let r = 393 + -376. Let h = -81 - -147. Calculate the remainder when h is divided by r.
15
Let q(l) be the first derivative of -3*l**2/2 + 14*l - 16. What is the remainder when q(3) is divided by 2?
1
Suppose l - 30 = -3*w + 2*w, -2*l + 56 = w. What is the remainder when 119 is divided by l?
15
Suppose 0 = 110*r - 145*r + 630. Calculate the remainder when 54 is divided by r.
0
Suppose 5*j = -15, 2*y - 3*j = -0*j + 153. Suppose -3*h = 7*h - 150. What is the remainder when y is divided by h?
12
Let p = 43 - 48. Let s = 27 + p. Let n(l) = 12*l**3 - 2*l**2 - l. What is the remainder when n(2) is divided by s?
20
Let u = 72 + -19. Let r = u + -36. Calculate the remainder when 33 is divided by r.
16
Calculate the remainder when (-7)/(952/16) - 6294/(-34) is divided by 31.
30
Let x = -3212 - -3216. Suppose -51 = -a - 2*a. What is the remainder when a is divided by x?
1
Let t be 1/(-2)*(-6 + -6 + 2). Suppose -8*d + t*d + 93 = 0. What is the remainder when 149 is divided by d?
25
Suppose -7 = -5*q + 8. Let v(m) = -2 + 6 - q*m + 1 + 5*m. Calculate the remainder when 14 is divided by v(0).
4
Let n(i) = -4*i + 2. Let p be 150/7 - (-8)/14. Suppose 2*y = -0*y - p. What is the remainder when n(y) is divided by 8?
6
Suppose -32*h + 40 = -568. Calculate the remainder when h is divided by 18.
1
Suppose v = -0*s + 4*s - 13, 0 = 3*v + 3. Let g(n) = n**3 - 3*n**2 + 4*n. Calculate the remainder when (-3)/(-12) - (-358)/8 is divided by g(s).
9
Suppose 0 = 4*d - f - 12, 0 = 4*d + f + 4*f - 12. Suppose -b + 4 = 0, -3*b + 7*b = d*r - 53. What is the remainder when r is divided by 6?
5
Suppose -9*x + 150 = -4*x. What is the remainder when 0 - 1 - 12/(-1) is divided by (-4)/10 + 132/x?
3
Let n = -13 - -80. Let c(p) = -p + 39. What is the remainder when n is divided by c(16)?
21
Let u(i) = 97*i - 543. Let p = 48 + -27. Calculate the remainder when u(6) is divided by p.
18
Suppose 4*m = 13 + 47. Let s = -354 - -382. Calculate the remainder when s is divided by m.
13
Suppose -311 = -42*f + 25. Calculate the remainder when 198 is divided by f.
6
Let g = 1143 - 812. Calculate the remainder when g is divided by 83.
82
Let t = 34 + -20. Let r(o) = 39*o**2 - o + 1. Let q = 3 - 2. What is the remainder when r(q) is divided by t?
11
Suppose -5*r - 5 = 0, -3*r = -4*f - 0*r - 5. Let v(d) = -510*d - 10149. What is the remainder when v(-20) is divided by 11/f*(-1 - 1)?
7
What is the remainder when (-102)/85 - (-3288)/15 is divided by 73?
72
Suppose 2*z - 13*z = 4*z. Suppose z = -6*t + t + 285. Let n = -10 + 25. Calculate the remainder when t is divided by n.
12
Suppose -2*n + 21 = -j + 2*j, -3 = -3*n. Let h be 52/20 + 6/15. What is the remainder when j is divided by 0 - (2 - (h - -6))?
5
Let h(j) = j**2 - 16*j + 5. Let m(l) = -2*l**2 + 17*l - 5. Let q(i) = 3*h(i) + 2*m(i). What is the remainder when q(-7) is divided by 14?
12
Let l be (-10)/55 + (-84)/22. Let d be 0 + 4 + l - -74. Suppose d = 2*z + 3*s, -6 = -2*z + 2*s + 48. What is the remainder when z is divided by 8?
7
Let y(s) = 7 + 12 + 973*s**2 + s**3 - 29*s - 980*s**2. What is the remainder when 84 is divided by y(10)?
26
Let s = -28 - -32. Suppose -3*h + 6*j = j - 58, s*h + j = 39. What is the remainder when 30 is divided by h?
8
Let r(x) = -2*x**2 + 12*x - 3. Let a be r(9). Calculate the remainder when (-4)/5*(7 + a) is divided by 21.
19
Suppose 5*l + 3*w - 34 = 0, 3*l = -8*w + 7*w + 18. What is the remainder when 13 is divided by (-11)/(55/2) + 27/l?
3
Suppose -20 = 17*d - 139. Calculate the remainder when 131 is divided by d.
5
Let z(j) = 4*j**2 - 7*j - 18. What is the remainder when z(-6) is divided by 29?
23
Suppose -5*m = -o - 8, 2*m - 4*m - 4*o - 10 = 0. Suppose 0 = 2*s - 3*s + 4*d - 8, -4*s + m = -5*d. Calculate the remainder when 5 is divided by s.
1
Suppose 3*u + 46*u - 11515 = 0. What is the remainder when u is divided by 13?